nder when 8874 is divided by 189.
180
Calculate the remainder when 8940 is divided by 574.
330
What is the remainder when 1108 is divided by 51?
37
Calculate the remainder when 8079 is divided by 807.
9
Calculate the remainder when 845850 is divided by 238.
236
What is the remainder when 136860 is divided by 752?
748
Calculate the remainder when 3769 is divided by 42.
31
Calculate the remainder when 7068 is divided by 7032.
36
What is the remainder when 2861 is divided by 263?
231
What is the remainder when 391874 is divided by 354?
350
What is the remainder when 30724 is divided by 173?
103
Calculate the remainder when 10094 is divided by 442.
370
Calculate the remainder when 9163 is divided by 1144.
11
What is the remainder when 15321 is divided by 3804?
105
Calculate the remainder when 30497 is divided by 30473.
24
Calculate the remainder when 280708 is divided by 126.
106
What is the remainder when 194017 is divided by 38795?
42
Calculate the remainder when 14768 is divided by 671.
6
Calculate the remainder when 30237 is divided by 33.
9
What is the remainder when 2197 is divided by 1064?
69
What is the remainder when 15859 is divided by 1980?
19
What is the remainder when 6964 is divided by 2295?
79
Calculate the remainder when 213523 is divided by 309.
4
Calculate the remainder when 360837 is divided by 73.
71
What is the remainder when 359088 is divided by 19949?
6
Calculate the remainder when 437 is divided by 243.
194
What is the remainder when 42835 is divided by 151?
102
Calculate the remainder when 14861 is divided by 144.
29
What is the remainder when 260320 is divided by 1178?
1160
Calculate the remainder when 25856 is divided by 20.
16
Calculate the remainder when 1711056 is divided by 1239.
1236
What is the remainder when 38088 is divided by 115?
23
What is the remainder when 44446 is divided by 137?
58
What is the remainder when 15261 is divided by 48?
45
What is the remainder when 1918 is divided by 320?
318
Calculate the remainder when 63675 is divided by 1327.
1306
What is the remainder when 3696 is divided by 26?
4
What is the remainder when 751 is divided by 79?
40
Calculate the remainder when 6478 is divided by 138.
130
Calculate the remainder when 80062 is divided by 2965.
7
What is the remainder when 105722 is divided by 59?
53
What is the remainder when 3975 is divided by 1137?
564
What is the remainder when 39077 is divided by 17?
11
Calculate the remainder when 1536 is divided by 103.
94
What is the remainder when 12997 is divided by 137?
119
Calculate the remainder when 181 is divided by 162.
19
What is the remainder when 189436 is divided by 40?
36
Calculate the remainder when 14611 is divided by 395.
391
What is the remainder when 17336 is divided by 354?
344
Calculate the remainder when 73 is divided by 19.
16
What is the remainder when 29590 is divided by 51?
10
What is the remainder when 10764 is divided by 371?
5
What is the remainder when 160582 is divided by 1226?
1202
Calculate the remainder when 2422 is divided by 281.
174
What is the remainder when 41180 is divided by 4574?
14
What is the remainder when 5312 is divided by 1711?
179
Calculate the remainder when 86157 is divided by 756.
729
What is the remainder when 3793 is divided by 546?
517
Calculate the remainder when 7366 is divided by 149.
65
Calculate the remainder when 1565 is divided by 190.
45
Calculate the remainder when 25185 is divided by 764.
737
What is the remainder when 16207 is divided by 60?
7
What is the remainder when 1977 is divided by 159?
69
Calculate the remainder when 256682 is divided by 11.
8
Calculate the remainder when 897458 is divided by 73.
69
What is the remainder when 9063 is divided by 764?
659
What is the remainder when 13103 is divided by 220?
123
What is the remainder when 127517 is divided by 25?
17
Calculate the remainder when 2489609 is divided by 25.
9
Calculate the remainder when 36818 is divided by 1088.
914
Calculate the remainder when 5754 is divided by 57.
54
Calculate the remainder when 38156 is divided by 133.
118
What is the remainder when 21230 is divided by 2358?
8
Calculate the remainder when 88754 is divided by 274.
252
What is the remainder when 61394 is divided by 172?
162
Calculate the remainder when 15763 is divided by 5173.
244
Calculate the remainder when 6301 is divided by 27.
10
What is the remainder when 15530 is divided by 16?
10
Calculate the remainder when 196282 is divided by 3505.
2
What is the remainder when 986 is divided by 940?
46
Calculate the remainder when 4902 is divided by 1203.
90
What is the remainder when 4132 is divided by 13?
11
What is the remainder when 209845 is divided by 34?
31
Calculate the remainder when 22656 is divided by 7463.
267
What is the remainder when 216173 is divided by 3179?
1
Calculate the remainder when 155582 is divided by 208.
206
Calculate the remainder when 649 is divided by 161.
5
Calculate the remainder when 860825 is divided by 244.
237
What is the remainder when 344662 is divided by 12?
10
What is the remainder when 3475 is divided by 2564?
911
Calculate the remainder when 7380 is divided by 33.
21
Calculate the remainder when 7448 is divided by 102.
2
What is the remainder when 6440 is divided by 36?
32
Calculate the remainder when 188278 is divided by 90.
88
Calculate the remainder when 316 is divided by 60.
16
What is the remainder when 666690 is divided by 166672?
2
What is the remainder when 58329 is divided by 561?
546
Calculate the remainder when 20826 is divided by 311.
300
What is the remainder when 665 is divided by 46?
21
Calculate the remainder when 84221 is divided by 39.
20
Calculate the remainder when 34962 is divided by 72.
42
Calculate the remainder when 444 is divided by 16.
12
Calculate the remainder when 4457 is divided by 127.
12
What is the remainder when 14244 is divided by 375?
369
What is the remainder when 3553 is divided by 141?
28
What is the remainder when 330472 is divided by 330463?
9
Calculate the remainder when 6624 is divided by 33.
24
What is the remainder when 416 is divided by 336?
80
What is the remainder when 303369 is divided by 17845?
4
What is the remainder when 65005 is divided by 1203?
43
Calculate the remainder when 11105 is divided by 5485.
135
What is the remainder when 31183 is divided by 15523?
137
Calculate the remainder when 190166 is divided by 21127.
23
Calculate the remainder when 12308813 is divided by 442.
439
What is the remainder when 2015 is divided by 243?
71
What is the remainder when 985 is divided by 323?
16
Calculate the remainder when 11448 is divided by 6.
0
What is the remainder when 25198 is divided by 184?
174
Calculate the remainder when 26373 is divided by 5270.
23
What is the remainder when 7828 is divided by 7797?
31
What is the remainder when 5056932 is divided by 27?
21
What is the remainder when 1567 is divided by 1541?
26
What is the remainder when 18924 is divided by 188?
124
What is the remainder when 2967 is divided by 850?
417
What is the remainder when 19490 is divided by 45?
5
Calculate the remainder when 12458 is divided by 4150.
8
Calculate the remainder when 6282 is divided by 1040.
42
Calculate the remainder when 1639 is divided by 65.
14
What is the remainder when 161254 is divided by 4358?
8
Calculate the remainder when 14126 is divided by 137.
15
Calculate the remainder when 21314 is divided by 2124.
74
What is the remainder when 1131 is divided by 374?
9
What is the remainder when 5069 is divided by 78?
77
Calculate the remainder when 2604708 is divided by 10.
8
What is the remainder when 12423 is divided by 138?
3
Calculate the remainder when 986 is divided by 23.
20
Calculate the remainder when 445655 is divided by 40.
15
What is the remainder when 4432 is divided by 885?
7
What is the remainder when 404940 is divided by 1020?
0
What is the remainder when 48705 is divided by 8113?
27
What is the remainder when 170931 is divided by 9?
3
Calculate the remainder when 11745 is divided by 36.
9
What is the remainder when 22064 is divided by 21872?
192
What is the remainder when 81762 is divided by 2097?
2076
What is the remainder when 7031 is divided by 120?
71
What is the remainder when 305554 is divided by 152765?
24
Calculate the remainder when 91800 